s the ten thousands digit of 16028218?
2
What is the hundreds digit of 2920290?
2
What is the tens digit of 3086493?
9
What is the ten thousands digit of 18309082?
0
What is the thousands digit of 322774?
2
What is the hundreds digit of 865050?
0
What is the thousands digit of 903205?
3
What is the tens digit of 11111023?
2
What is the thousands digit of 12828857?
8
What is the units digit of 85851?
1
What is the units digit of 769797?
7
What is the hundreds digit of 163092?
0
What is the millions digit of 1203681?
1
What is the ten thousands digit of 2131906?
3
What is the thousands digit of 1000317?
0
What is the hundred thousands digit of 4829385?
8
What is the units digit of 764652?
2
What is the hundreds digit of 279394?
3
What is the hundreds digit of 25452?
4
What is the tens digit of 302401?
0
What is the hundred thousands digit of 347558?
3
What is the hundred thousands digit of 9808772?
8
What is the ten thousands digit of 8279861?
7
What is the ten millions digit of 12148952?
1
What is the ten thousands digit of 366544?
6
What is the hundreds digit of 291808?
8
What is the hundred thousands digit of 1625375?
6
What is the hundreds digit of 755346?
3
What is the units digit of 30404789?
9
What is the ten thousands digit of 266347?
6
What is the hundreds digit of 6072980?
9
What is the hundred thousands digit of 563537?
5
What is the hundreds digit of 4115130?
1
What is the ten thousands digit of 114242?
1
What is the tens digit of 290053?
5
What is the tens digit of 27518791?
9
What is the millions digit of 32904359?
2
What is the ten thousands digit of 553137?
5
What is the ten thousands digit of 16926491?
2
What is the tens digit of 13?
1
What is the hundred thousands digit of 3469255?
4
What is the units digit of 5804396?
6
What is the hundreds digit of 3527908?
9
What is the hundreds digit of 500516?
5
What is the units digit of 504220?
0
What is the hundreds digit of 67498?
4
What is the hundreds digit of 127273?
2
What is the millions digit of 2753818?
2
What is the tens digit of 4600547?
4
What is the millions digit of 3318204?
3
What is the units digit of 798305?
5
What is the hundred thousands digit of 9421621?
4
What is the thousands digit of 219504?
9
What is the units digit of 313159?
9
What is the tens digit of 1379129?
2
What is the ten thousands digit of 267857?
6
What is the millions digit of 1533564?
1
What is the tens digit of 912619?
1
What is the millions digit of 2759437?
2
What is the hundreds digit of 80830?
8
What is the units digit of 176716?
6
What is the thousands digit of 244590?
4
What is the thousands digit of 850420?
0
What is the ten thousands digit of 3785191?
8
What is the tens digit of 83844?
4
What is the tens digit of 321149?
4
What is the ten thousands digit of 4362041?
6
What is the thousands digit of 1291326?
1
What is the hundreds digit of 63349?
3
What is the hundreds digit of 5146562?
5
What is the thousands digit of 261598?
1
What is the ten thousands digit of 17460980?
6
What is the thousands digit of 259552?
9
What is the tens digit of 19027415?
1
What is the hundreds digit of 284264?
2
What is the ten millions digit of 23135693?
2
What is the hundred thousands digit of 18404354?
4
What is the hundred thousands digit of 132293?
1
What is the thousands digit of 1806006?
6
What is the tens digit of 57846?
4
What is the units digit of 759287?
7
What is the hundreds digit of 524235?
2
What is the tens digit of 13158912?
1
What is the hundreds digit of 645228?
2
What is the thousands digit of 1633878?
3
What is the millions digit of 2110223?
2
What is the hundreds digit of 422978?
9
What is the tens digit of 161936?
3
What is the ten thousands digit of 521649?
2
What is the tens digit of 386354?
5
What is the thousands digit of 11797649?
7
What is the thousands digit of 14270165?
0
What is the hundred thousands digit of 12252598?
2
What is the tens digit of 484793?
9
What is the units digit of 4972?
2
What is the hundred thousands digit of 2722028?
7
What is the thousands digit of 3206631?
6
What is the units digit of 9715?
5
What is the hundreds digit of 1120307?
3
What is the tens digit of 831148?
4
What is the ten thousands digit of 19959755?
5
What is the thousands digit of 544321?
4
What is the thousands digit of 729191?
9
What is the hundreds digit of 7981565?
5
What is the hundreds digit of 48649?
6
What is the units digit of 24580893?
3
What is the hundred thousands digit of 236485?
2
What is the ten thousands digit of 512475?
1
What is the thousands digit of 990627?
0
What is the ten thousands digit of 8529632?
2
What is the millions digit of 3975694?
3
What is the millions digit of 1845009?
1
What is the hundreds digit of 1207690?
6
What is the units digit of 5315787?
7
What is the tens digit of 2948086?
8
What is the ten thousands digit of 293125?
9
What is the thousands digit of 626241?
6
What is the tens digit of 1692136?
3
What is the thousands digit of 9286?
9
What is the hundreds digit of 678299?
2
What is the hundreds digit of 1019250?
2
What is the thousands digit of 2860325?
0
What is the tens digit of 4440906?
0
What is the hundreds digit of 3833922?
9
What is the units digit of 623166?
6
What is the units digit of 672351?
1
What is the hundred thousands digit of 5316517?
3
What is the tens digit of 46700?
0
What is the millions digit of 15069216?
5
What is the tens digit of 481002?
0
What is the millions digit of 4228681?
4
What is the tens digit of 2473878?
7
What is the hundreds digit of 1020164?
1
What is the units digit of 6956887?
7
What is the thousands digit of 112846?
2
What is the thousands digit of 28297476?
7
What is the hundred thousands digit of 1951189?
9
What is the tens digit of 16509375?
7
What is the thousands digit of 478764?
8
What is the ten thousands digit of 11331487?
3
What is the millions digit of 1629144?
1
What is the tens digit of 4481608?
0
What is the ten thousands digit of 280351?
8
What is the hundreds digit of 6363965?
9
What is the tens digit of 22815491?
9
What is the hundreds digit of 457279?
2
What is the thousands digit of 34291?
4
What is the ten thousands digit of 974133?
7
What is the units digit of 14788163?
3
What is the hundreds digit of 7325219?
2
What is the hundred thousands digit of 2116598?
1
What is the ten thousands digit of 35181?
3
What is the units digit of 182270?
0
What is the millions digit of 1199329?
1
What is the hundred thousands digit of 519531?
5
What is the tens digit of 225546?
4
What is the ten thousands digit of 254978?
5
What is the millions digit of 15034347?
5
What is the hundreds digit of 130212?
2
What is the units digit of 625981?
1
What is the ten thousands digit of 465110?
6
What is the ten thousands digit of 3389787?
8
What is the hundred thousands digit of 721602?
7
What is the ten thousands digit of 296442?
9
What is the hundreds digit of 108883?
8
What is the thousands digit of 1175786?
5
What is the hundred thousands digit of 3783324?
7
What is the thousands digit of 2025696?
5
What is the millions digit of 5008049?
5
What is the tens digit of 60453?
5
What is the ten thousands digit of 3444928?
4
What is the tens digit of 5978?
7
What is the hundred thousands digit of 21565899?
5
What is the thousands digit of 227794?
7
What is the tens digit of 1084962?
6
What is the hundreds digit of 918338?
3
What is the units digit of 9333315?
5
What is the ten millions digit of 29809355?
2
What is the thousands digit of 16511639?
1
What is the ten thousands digit of 1009956?
0
What is the units digit of 1530105?
5
What is the thousands digit of 624040?
4
What is the ten millions digit of 29220826?
2
What is the hundred thousands digit of 11565900?
5
What is the tens digit of 15986056?
5
What is the millions digit of 4324410?
4
What is the hundred thousands digit of 22788015?
7
What is the hundred thousands digit of 318820?
3
What is the ten thousands digit of 214312?
1
What is the units digit of 2050413?
3
What is the ten thousands digit of 37765?
3
What is the millions digit of 6567826?
6
What is the ten thousands digit of 3338315?
3
What is the thousands digit of 2299035?
9
What is the millions digit of 10816853?
0
What is the thousands digit of 412232?
2
What is the thousands digit of 8767249?
7
W